- 265. Is i composite?
True
Let n(t) = -t**2 + 8*t + 9. Let r be n(9). Suppose -2*k - 336 = -4*i, -4*i + r*i + 332 = -4*k. Is i prime?
False
Let p = 983 - 698. Let z be 0 + (-4)/(-4 + 3). Suppose -i - p = -z*i. Is i a prime number?
False
Suppose 0 = 4*g - 1243 - 2025. Is g composite?
True
Suppose 7*q + 2234 = 9*q. Is q a composite number?
False
Suppose -5*r + 60 = -r. Is r composite?
True
Let f(b) = 81*b**2 + 1. Suppose -a + 1 = -0*a. Let v be f(a). Suppose -3*y + 0*y = 9, 4*o - 2*y = v. Is o prime?
True
Let a(n) = -n**2 - 6*n - 6. Let s be a(-6). Let r(x) = 11*x**2 + 2*x + 10. Is r(s) composite?
True
Let z = 12 + -7. Suppose z*o + 168 = 973. Is o a prime number?
False
Suppose 4*c = 5*c - 216. Let q = c + -127. Is q prime?
True
Suppose -5*f = -36 - 19. Suppose 3 = -2*l + f. Suppose r + l*r - 7 = x, 0 = 3*x + 5*r - 59. Is x a composite number?
False
Is 5/(-20) + (-477)/(-4) prime?
False
Let x be 3 - 0 - -1*1. Suppose -6*a = -x*a - 316. Let d = a + -81. Is d prime?
False
Let p be (-629)/2 - (-19)/(-38). Let n = p - -762. Is n composite?
True
Let g(t) = -13 + 13 - 18*t. Let f be g(3). Is 2/(-9) + (-4494)/f prime?
True
Suppose -z = 3*z - 4964. Let a = z - 742. Is a a prime number?
True
Let q = 28 - -1705. Is q a composite number?
False
Suppose 5*i = 3*s + 5581, 4*s = 5*i + 2*s - 5579. Is i a composite number?
True
Let o(s) be the third derivative of -1/6*s**4 + 1/15*s**5 + 0*s - 1/6*s**3 + 0 - 2*s**2. Is o(5) composite?
False
Suppose 3*r = 291 + 282. Is r composite?
False
Let p be 3 - (-3)/(-3)*35. Let s be ((-7)/(-2) + -3)*p. Is 1*((-6)/2 - s) composite?
False
Suppose 5*m = 3*b + 25, -m + 8*b = 3*b - 27. Let q(z) = -13*z + 5. Let s be q(-8). Suppose -m*x - t = -s, -x + 3*t = -2*x + 62. Is x a composite number?
False
Let j(d) = 112*d**2 + 5*d - 6. Is j(5) prime?
True
Let h = 128 - -318. Is h a prime number?
False
Let q be (1 + -2)*21/(-1). Is 447/q + (-6)/21 composite?
True
Suppose 3*p = -u - 12, -2*p + 4 = -4*u - 3*p. Suppose -5*n - 5*l + 40 = u, -6*n - 5*l = -3*n - 26. Is n a composite number?
False
Let t be (-10)/35 - (-5)/(-7). Let p be 552/40 + t/(-5). Is 1295/p - 3/2 a prime number?
False
Suppose -1 = -b + 3*b - l, l + 3 = 0. Let r be b/(2 - 6/4). Let t(n) = -12*n + 5. Is t(r) composite?
False
Let r(i) = i**3 - 3*i**2 - 4*i. Let a be r(4). Let s(g) be the first derivative of g**4/4 + g**3/3 + 211*g + 2. Is s(a) composite?
False
Suppose -5*h = -3 - 7. Let c(v) = 3*v - 2. Let t be c(h). Suppose t*k - 14 = -b, -5*k = -3*k + 3*b - 12. Is k a prime number?
True
Let u(k) = -1 + 12 + k - 4. Let c be u(-8). Let o(g) = 13*g**2 + g + 1. Is o(c) prime?
True
Is 3*(979/3 - -4) prime?
True
Suppose -3*k - 46 - 41 = -3*o, 0 = -3*o - 4*k + 73. Suppose -2*g = -23 - o. Let l = g - -104. Is l a composite number?
True
Let q(h) = h**2 - 10*h - 4. Let t be q(6). Is (-3)/9 + t/(-3) prime?
False
Suppose 0 = 3*q + 5*g - 11942, 2*q + 4*g = -3*q + 19925. Is q composite?
False
Suppose -2*d + 0 - 2 = 0. Let m = d + 3. Let x = 15 - m. Is x composite?
False
Let o(u) = -u**2 - 2*u. Let a be o(-2). Suppose n - 1 = j - a, -3*n + 5*j = 1. Suppose 2*f = n*f - 79. Is f a composite number?
False
Let j(x) = -x**2 - 7*x - 9. Let v be j(-6). Let q be 1 + (-3 - v) + 2. Suppose -71 - 128 = -q*c - 4*s, -5*c = 2*s - 327. Is c a prime number?
False
Let r(q) = 0*q - 2*q + 1 - 9*q. Let s be r(-4). Let o = s - 26. Is o a prime number?
True
Suppose 4*c = 3*c - 2*s + 735, 5*c + 5*s = 3665. Is c a composite number?
True
Let v = 12 + -8. Let u = 43 + -12. Suppose -z - 4*z + v*c + 107 = 0, -z - 4*c + u = 0. Is z composite?
False
Suppose 395 = 2*k - 563. Is k a composite number?
False
Let q(w) = -9*w**2 + 3*w + 5. Let t(o) = -o**2 + 1. Let n(v) = -q(v) + 3*t(v). Is n(5) composite?
True
Let y = -15 + 21. Let t = y + 85. Is t a composite number?
True
Let h = 49 + -107. Is (h/2 + 0)*-5 prime?
False
Let x = -249 + 556. Is x composite?
False
Suppose -5*q - 2*y = 12 + 8, -q = -3*y - 13. Let n be q/12 + (-3)/(-18). Suppose -i + 10 = -n. Is i a prime number?
False
Let y = 6 - 3. Suppose 5*n - y*n - 46 = 0. Is n prime?
True
Let m = -5 + -12. Let a = 69 - 39. Let h = m + a. Is h composite?
False
Let x = 11 - 6. Suppose f + x = 2*f. Suppose -4*d = f*r - 51, 6*d - 34 = -2*r + d. Is r a prime number?
True
Suppose -5*v + q = -0*q + 4, 0 = -2*v + 3*q - 12. Let r = 5 - v. Suppose -2*m - 2*m + 710 = 2*y, r*y = -3*m + 522. Is m a composite number?
False
Suppose 56 = 6*m - 2*m. Let p = m - 8. Let u(g) = -g**2 + 11*g + 1. Is u(p) a composite number?
False
Suppose 12*g - 7*g - 955 = 0. Is g a composite number?
False
Let p(j) = -141*j + 1. Is p(-1) a prime number?
False
Let c(v) = -2*v**2 + 2*v + 3. Let y be c(-2). Is (-299)/((-3)/y*-3) a prime number?
False
Let y(v) = -67*v**2 + 2*v - 1. Let w be y(1). Is -1 - 5/(5/w) a prime number?
False
Suppose -5*k = -k + 48. Is 1068/(-8)*56/k a composite number?
True
Let r(l) = -55*l - 6. Let v be r(-6). Is 2*(v/8 - 2) a prime number?
False
Suppose 2*j = -5*n + 6595, -5*j = 3*n - 531 - 3426. Is n composite?
False
Let b be 23/2*(-15 + 17). Suppose 1334 = -21*x + b*x. Is x prime?
False
Suppose 0 = -3*n - 15, -4*n + 325 = -3*w + 1932. Is w a prime number?
False
Suppose -15 = -5*q, 3*w + 2*q - 1252 = w. Is w composite?
True
Let q(u) = u + 2. Let t be q(-6). Let c(a) = -7*a - 5. Is c(t) prime?
True
Is (15775/(-10))/(2/(-8)*2) a composite number?
True
Is (36 - -47)/((-14)/(-13) + -1) a composite number?
True
Suppose 2*a + 3*o - 33 = -12, 0 = -4*a + 4*o - 8. Suppose -q + 2*q - 2*j = -3, 0 = a*q - 4*j + 1. Is 114/q - (-3)/15 a prime number?
True
Let p be 24/(-18)*6/(-4). Suppose 179 = 3*t + p. Is t composite?
False
Suppose 5*m - 2*m - 1623 = 0. Is m a composite number?
False
Let z be 0/(2 + 1/(-1)). Suppose 4*i - 14 - 47 = -5*r, -2*r = 2*i - 24. Suppose z = -k + 80 - r. Is k prime?
True
Let v = -811 - -1150. Suppose 5*k - v = -14. Is k prime?
False
Let p = 8 - 6. Suppose 5*k = p + 23. Suppose 5*v + 2*d - 366 = -0*d, 2*v + k*d = 138. Is v composite?
True
Suppose 5*d + 17 = -4*l, -2*l + 17 = -l - 3*d. Let f(w) = w**3 + l*w + 4 + 3 - 3*w**2 - 6*w. Is f(5) composite?
False
Is 2386/2 - 2*(0 + -1) prime?
False
Suppose 3*f = 5*w - 30, -3*w + 4*f = -5*w + 12. Is 6/9 + 314/w composite?
False
Suppose -f = -0 - 5. Suppose 155 = f*s - 5. Suppose -2*l + 5*q = 17, -2*q = -3*l - 6*q + s. Is l prime?
False
Let h(i) = -2*i + 1. Let v be h(-1). Let x = -173 - -289. Suppose -x = -v*b + 1. Is b prime?
False
Suppose 2*t = 3050 + 1388. Is t a composite number?
True
Let k(i) = i**3 + 5*i**2 - 7*i - 6. Let v be k(-6). Let a = v + 2. Let n(f) = 23*f + 1. Is n(a) prime?
True
Let b = 12 + 1111. Suppose 2*f + 70 = 2*a - 384, 5*a = 2*f + b. Is a a prime number?
True
Let n(u) = 84*u**2 - 14*u - 1. Is n(6) a prime number?
True
Is ((2 - 2) + -529)*-1 a composite number?
True
Let v = -17 + 12. Let t = 14 + v. Is t/(-15) - 256/(-10) prime?
False
Let p(b) = -17*b. Is p(-3) a composite number?
True
Let y(o) = o**2 + 6. Let b be y(0). Suppose -3*a + 10 = 2*a. Suppose 0 = -3*l + 4*d - b + 251, l - a*d = 83. Is l a composite number?
False
Suppose 4*o = -2*v + 2*o + 160, 2*v = 3*o + 155. Is v a composite number?
False
Suppose 59 = a - 30. Is a a prime number?
True
Suppose 2*a + 3*a = -60. Let c = a + 3. Let p = c - -19. Is p a prime number?
False
Suppose 0*b - 6*b + 3090 = 0. Is b a composite number?
True
Suppose -3*i - 2*i + 35 = 0. Let f = i - 5. Is (-242)/(f*-2 - -2) a composite number?
True
Suppose -s = -n + 3*n - 8, 0 = 3*s - 4*n + 26. Let k be 0/1 - (s - 3). Is k/((-5)/2) - -235 prime?
True
Let o = -713 - -1032. Is o prime?
False
Let v be -19*4 - (4 - 2). Is 2 + -2 + 1 - v prime?
True
Suppose -4*h = 2*m - 12, 4*m - 2*h + 0 - 4 = 0. Let p = 9 + -4. Suppose p*x - 167 = -m*l, 0*l - 5*l - 160 = -5*x. Is x a composite number?
True
Let d = -65 + 93. Suppose 0 = y + 8 - d. Suppose z = 5*z - y, 5*f - 355 = -2*z. Is f a prime number?
False
Suppose 0 = t - 4*l - 19, 4*t + 5*l = -t + 145. Let r = t + -13. Is r a composite number?
True
Suppose 0 = 7*o - 3902 + 465. Is o prime?
True
Let t be -213*4/((-12)/21). Is ((-16)/(-24))/(2/t) prime?
False
Suppose -136 = s - 4*v - 6036, 5*v - 17785 = -3*s. Is s/15 - 2/(-6) composite?
True
Let q = 804 + -493. Is q a composite number?
False
Is -4*(-2)/(-4)*(-119)/2 composite?
True
Let m(u) 